ommon divisor of n and m.
9
Suppose 5*o + 3*n = 2*o + 42, 5*n = -4*o + 52. Suppose -2*x + o = x. Calculate the greatest common divisor of x and 54.
6
Suppose 0*o = -3*o + 114. Suppose o = -0*c + 2*c + 5*x, 0 = -5*x + 20. Calculate the highest common divisor of 27 and c.
9
Let r = -56 - -77. What is the highest common factor of 3 and r?
3
Suppose 0*z = 2*z + 2*i - 118, -4*i = -2*z + 148. Calculate the greatest common divisor of 16 and z.
16
Let f = 18 - 15. Suppose 33 = -0*v + f*v. Calculate the highest common factor of 11 and v.
11
Let b = 0 - 309. Let x = 437 + b. Let i be 8/(-28) - x/(-7). What is the greatest common factor of i and 9?
9
Let m(n) = -16*n - 1. Let f be m(-1). What is the greatest common divisor of 6 and f?
3
Let r(y) = -3*y - 12. Let o be r(-6). Calculate the greatest common factor of 2 and o.
2
Suppose 0 = 2*o + 8, 5*g = 2*o + 52 + 21. What is the highest common divisor of 13 and g?
13
Let i be 0*(-1 - 0)*-1. Suppose 0 = -2*r - 2*r + 12, i = c + 3*r - 39. What is the highest common divisor of 6 and c?
6
Suppose 2*z = 18 + 18. What is the greatest common divisor of 45 and z?
9
Let t = -178 + 75. Let h be 2 + 2 - 2 - t. Suppose 3*p = -0*p - v + h, 0 = 2*p - v - 70. What is the greatest common divisor of p and 5?
5
Let j be (-1)/(15/(-6))*5. Let a = j + 0. Suppose q - 5*o = -2, -a*q = o + 3*o - 52. Calculate the greatest common factor of 27 and q.
9
Suppose 0*v - 4*v = -24. What is the highest common factor of 24 and v?
6
Suppose 4*y = -4*i - 1 - 3, -5*y - 14 = 2*i. Let t = i + 2. What is the highest common factor of 5 and t?
5
Suppose 3*d = -4*j + 3*j + 149, -5*d + 10 = 0. Let g(m) = -8*m - 3. Let b be g(-2). What is the highest common factor of b and j?
13
Suppose 0 = -b + 16 + 14. Let d be (-9)/(-6)*(-3 - -1). Let f be 1 - b/(6/d). What is the greatest common factor of f and 24?
8
Let b be (-6)/(-2)*(-5)/(-3). Suppose -b*u = 15, -5*w = -w + 3*u + 5. Let j be (2 - w)*(-2 - -8). Calculate the highest common factor of j and 30.
6
Let j(k) = 3*k**2. Let p be j(-1). Suppose -3 = -p*q + 3. Calculate the highest common divisor of 8 and q.
2
Let w be 6/2 + (-9)/3. Let n(s) = -s**2 - s + 13. Let x be n(w). Calculate the highest common divisor of 104 and x.
13
Let o be (-6)/(-39) - 89/(-13). What is the highest common factor of o and 63?
7
Suppose a - 1 - 1 = 0. Let p be -6 - (a*-1)/2. Let d = 7 + p. What is the greatest common factor of d and 16?
2
Let s(h) = -h**3 - 14*h**2 - 19*h - 19. Let x be s(-13). Let i = -23 + x. Calculate the greatest common divisor of i and 18.
18
Suppose -2*l = -4*j + 30, 0*j + j - l - 5 = 0. What is the highest common divisor of j and 50?
10
Suppose 0 = p - 1 - 1. Suppose -3*w - p = -8. Calculate the greatest common factor of w and 2.
2
Let y(w) = -w**2 - w. Let d be y(-1). Suppose 2 = 2*a - d. Suppose 3*k - 105 = -2*u, 3*k + 2 = -a. What is the greatest common factor of 18 and u?
18
Suppose 6*u - 7*u = 9. Let y be -5 + 4/(-4 - -2). Let a = y - u. Calculate the highest common factor of a and 8.
2
Let v(w) = -w + 18. Let s be v(10). Calculate the greatest common divisor of 1 and s.
1
Suppose -5*m + 3*p + p - 74 = 0, -4*p = -4*m - 56. Let t = 31 + m. What is the highest common factor of t and 91?
13
Let y be ((-84)/9)/(6/(-9)). Let m be 8/((-13)/14 + 1). What is the greatest common factor of y and m?
14
Let g(r) = -r**2 + 15*r - 6. Let f be g(10). Suppose 4*u - 6*u + 5*z = -145, -403 = -5*u - z. Let h = u - f. What is the highest common factor of 9 and h?
9
Suppose 0 = -0*n + 2*n + 4. Let o be -8 + (n - (-1 - 0)). Let f be 4/(-6) - 411/o. Calculate the greatest common factor of f and 18.
9
Suppose -7 - 9 = m. Let u = 25 + m. Let a be 1 - 8/(40/(-175)). Calculate the greatest common divisor of a and u.
9
Let h(s) = s**3 - 4*s**2 - 8*s. Let k be h(6). Calculate the highest common divisor of k and 12.
12
Let o(x) = -3 - 3 + 0 + 2 + 11*x**2 - 3*x. Let q be o(4). Calculate the highest common divisor of q and 20.
20
Let w = 8 - 13. Let s be (-16)/40 + (-27)/w. Suppose 2*f - 44 = -3*c, -2*f + 0*f = -s*c + 52. Calculate the highest common divisor of c and 30.
6
Suppose 3*j + 126 = 6*j. What is the highest common factor of j and 6?
6
Let l be 2/(-7) - (-16)/7. Suppose 6*j - 2*j = 3*o - 86, o - 7 = -3*j. Calculate the highest common factor of o and l.
2
Let x be (-1)/((-5)/(-32))*(-25)/5. What is the greatest common divisor of 4 and x?
4
Let p(v) = -v**2 + 13*v - 10. Let u be p(12). Suppose 0 = 2*l + u, 2*b - 13 = b - l. Calculate the greatest common factor of b and 70.
14
Let a(x) = x**3 - 6*x**2 + 8. Let u be a(6). Let b = u + -8. Suppose -4*h + 361 - 1 = b. What is the greatest common divisor of h and 10?
10
Let a be (6/5)/((-33)/(-4840)). Calculate the highest common factor of a and 16.
16
Let d be 1 - 0 - (-59 + 0). Let w(b) = 2*b + 56. Let x be w(-25). What is the highest common factor of x and d?
6
Let a = -8 - -20. Suppose h - a = -h. Suppose 5*p - l = 70, 0 = -2*p + h*l - 3*l + 41. Calculate the greatest common factor of 26 and p.
13
Suppose 0 = 2*y - 83 + 17. Suppose 19 = 3*q + r, 3*r + y = q - 2*r. Calculate the highest common factor of q and 56.
8
Let k(g) = 4*g - 3. Let i be k(4). Let f(x) = -x + 22. Let d be f(9). Calculate the highest common divisor of i and d.
13
Let k(p) = p**3 + 8*p**2 + 6*p - 4. Let z be k(-7). Suppose 4*x = -2*r - 0*r + 38, -5*r = -5. What is the highest common factor of x and z?
3
Let k(p) = p**3 + p**2 - p + 6. Let h be k(0). Let b = h - 5. Calculate the highest common factor of 2 and b.
1
Suppose 0 = -2*s - 6, 0 = -5*f - s + 37. Let a(p) = p**2 - 7*p + 1. Let b be a(f). Calculate the highest common divisor of b and 63.
9
Let c be ((-14)/4)/(2/(-4)). Suppose 4*s - 28 = 2*s. Calculate the highest common divisor of c and s.
7
Suppose k - 168 = -11*k. Let z(t) = 7*t**2 - 3*t + 2. Let c be z(3). What is the greatest common factor of c and k?
14
Let t = 52 - 97. Let y be t/(-6) - (-6)/(-4). Calculate the greatest common divisor of y and 18.
6
Suppose -5*c - 18 = v + 97, -2*c - v - 49 = 0. Let n = c - -31. Calculate the highest common divisor of 54 and n.
9
Let x(i) = -i**2 - 11*i + 3. Let m be x(-8). Let d be -3 - (-2 + 0) - -4. Calculate the greatest common factor of d and m.
3
Suppose -f + 12 = f. Let s(u) = -4*u**3 - u**2 - 2*u - 4. Let m be s(3). Let l = m + 181. Calculate the highest common factor of f and l.
6
Let t(v) = v**3 - 2*v + 4. Let h be t(4). Let a(u) = 8*u**2 + 3*u - 2*u**3 + 3*u**3 + 7*u + 8. Let g be a(-6). What is the greatest common divisor of h and g?
20
Suppose -9 = -3*u + u - f, -2*u = 4*f - 18. Suppose -u*w = -2*w - 4. What is the greatest common divisor of 36 and w?
4
Suppose o = 5*o. Suppose -w + 5*w - 112 = o. Calculate the greatest common factor of 7 and w.
7
Suppose -g + 5*k - 1 = -8, -4*g = -2*k - 10. What is the highest common divisor of 32 and g?
2
Let d(p) = p + 5. Let l be d(6). What is the greatest common divisor of 33 and l?
11
Let k(f) = 6*f**3 - f**2 + 1. Let h be k(1). Suppose -7*m + 264 = -3*m. Calculate the highest common factor of m and h.
6
Let r = -57 - -83. Calculate the greatest common factor of r and 234.
26
Suppose -4*i + 20 = -5*j - 3, 0 = -3*j - 9. Let d be ((-20)/6)/(i/(-33)). What is the highest common factor of d and 11?
11
Suppose 0 = 3*q + 15, -6 = 5*d + 3*q + 34. Let n = d - -7. Calculate the greatest common factor of n and 18.
2
Suppose -2*j - 12 = -c, -j - 2*c + 3 - 4 = 0. Let v be 4/(j/(-2) - 2). What is the greatest common factor of 56 and v?
8
Let t(i) = -3*i + 16. Let a be t(-3). Calculate the highest common factor of a and 25.
25
Suppose 2*y - 12 = 78. Suppose 2*b + y = 5*b. Calculate the greatest common divisor of b and 10.
5
Let p(w) = -w**3 + 9*w**2 - 8*w + 2. Suppose -6 = -5*v + 3*v - 5*t, 0 = 3*v - 3*t - 30. Let z be p(v). Calculate the highest common factor of z and 4.
2
Let b = 45 - 32. What is the highest common factor of 52 and b?
13
Suppose 38 = 4*p - 2*p. Let g = p + 80. Calculate the highest common divisor of g and 9.
9
Suppose -417 = -5*x + 203. Let z(u) = -u + 48. Let v be z(17). What is the greatest common divisor of v and x?
31
Let j(q) = q**3 - 2*q**2 + 1. Let o be j(2). Let l(a) = 2*a**2 + 2*a + 2. Let g be l(-2). Let v be (-9)/g*8/(-3). What is the greatest common factor of o and v?
1
Let i be 4/14